{"id":1434,"date":"2018-05-01T12:00:51","date_gmt":"2018-05-01T10:00:51","guid":{"rendered":"http:\/\/culmsee.com\/scout-beo\/?page_id=1434"},"modified":"2019-04-14T10:40:53","modified_gmt":"2019-04-14T08:40:53","slug":"asa-din-iso","status":"publish","type":"page","link":"https:\/\/culmsee.com\/scout-beo\/index.php\/asa-din-iso\/","title":{"rendered":"ASA, DIN, ISO anno dazumal"},"content":{"rendered":"\n<p class=\"has-text-color has-vivid-cyan-blue-color\">&#8230; es gibt sie noch: die (\u201eguten alten\u201c \u201eanalogen\u201c) Kleinbildfilme in Rollen (Filmpatrone) &#8230;, wie ich sie k\u00fcrzlich in einem Drogeriemarkt etwas staunend erblickte &#8230;<\/p>\n\n\n\n<p class=\"has-text-color has-vivid-cyan-blue-color\">&#8230; warum auch nicht?! &#8230; demnach besitzen viele noch &#8211; von uns \u00c4lteren &#8211; solch Fotoapparate, die im Bildformat 35-mm-Film bzw. mit dem typischen Aufnahmeformat 24x36mm (Farb-)Negativfilme oder Diapositivfilme per Klick auf&#8217;n Knopf aufnehmen &#8230;<br>&#8230; und die Bild-Anzahl war meistens 36 Bilder oder 24, selten nur 12 bei besonderen Ausf\u00fchrungen &#8230;<br>Kodak und Agfa waren f\u00fcr den Normalverbraucher die Marktf\u00fchrer oder auch Fujifilm sowie sp\u00e4ter im vergangenen Millennium diverse g\u00fcnstigere Produktlinien &#8230;<\/p>\n\n\n\n<p style=\"color:#062ae5\" class=\"has-text-color\"><img loading=\"lazy\" decoding=\"async\" width=\"150\" height=\"222\" class=\"wp-image-1446\" style=\"width: 150px;\" src=\"http:\/\/culmsee.com\/scout-beo\/wp-content\/uploads\/2019\/04\/Canon_F-1_miniature.jpg\" alt=\"Canon F-1\" srcset=\"https:\/\/culmsee.com\/scout-beo\/wp-content\/uploads\/2019\/04\/Canon_F-1_miniature.jpg 220w, https:\/\/culmsee.com\/scout-beo\/wp-content\/uploads\/2019\/04\/Canon_F-1_miniature-203x300.jpg 203w\" sizes=\"auto, (max-width: 150px) 100vw, 150px\" \/>  <a href=\"http:\/\/culmsee.com\/vhs\/fotografie\/asa-din-iso.htm\" target=\"_blank\" rel=\"noreferrer noopener\" aria-label=\"Zur Lichtempfindlichkeit einfach mal hier diese Info-Seite mit einem Mausklick: Filmempfindlichkeiten ASA \/ DIN \/ ISO (\u00f6ffnet in neuem Tab)\">Zur Lichtempfindlichkeit einfach mal hier diese Info-Seite mit einem Mausklick: Filmempfindlichkeiten ASA \/ DIN \/ ISO<\/a> <\/p>\n\n\n\n<hr class=\"wp-block-separator\"\/>\n\n\n\n<p style=\"text-align:center\"><a class=\"maxbutton-1 maxbutton maxbutton-top\" title=\"zum Seitenanfang\" href=\"#top\"><span class='mb-text'>nach oben<\/span><\/a> <\/p>\n\n\n\n<figure class=\"wp-block-image\"><img decoding=\"async\" src=\"http:\/\/culmsee.com\/scout-beo\/wp-content\/uploads\/2019\/03\/Ende-Info-VHS-PC-Kurs-300x12.jpg\" alt=\"Ende dieser Info-Seite VHS-PC-Kurse\"\/><\/figure>\n\n\n\n<p style=\"text-align:left\">1.230 views\n\n\n\n<figure class=\"wp-block-image\"><img decoding=\"async\" src=\"http:\/\/culmsee.com\/scout-beo\/wp-content\/uploads\/2019\/03\/Ende-webLog-300x12.jpg\" alt=\"Dieses Bild hat ein leeres Alt-Attribut. Der Dateiname ist Ende-webLog-300x12.jpg\"\/><\/figure>\n","protected":false},"excerpt":{"rendered":"<p>&#8230; es gibt sie noch: die (\u201eguten alten\u201c \u201eanalogen\u201c) Kleinbildfilme in Rollen (Filmpatrone) &#8230;, wie ich sie k\u00fcrzlich in einem Drogeriemarkt etwas staunend erblickte &#8230; &#8230; warum auch nicht?! &#8230; demnach besitzen viele noch &#8211; von uns \u00c4lteren &#8211; solch Fotoapparate, die im Bildformat 35-mm-Film bzw. mit dem typischen Aufnahmeformat 24x36mm (Farb-)Negativfilme oder Diapositivfilme per [&hellip;]<\/p>\n","protected":false},"author":1,"featured_media":0,"parent":0,"menu_order":0,"comment_status":"closed","ping_status":"closed","template":"","meta":{"footnotes":""},"class_list":["post-1434","page","type-page","status-publish","hentry"],"_links":{"self":[{"href":"https:\/\/culmsee.com\/scout-beo\/index.php\/wp-json\/wp\/v2\/pages\/1434","targetHints":{"allow":["GET"]}}],"collection":[{"href":"https:\/\/culmsee.com\/scout-beo\/index.php\/wp-json\/wp\/v2\/pages"}],"about":[{"href":"https:\/\/culmsee.com\/scout-beo\/index.php\/wp-json\/wp\/v2\/types\/page"}],"author":[{"embeddable":true,"href":"https:\/\/culmsee.com\/scout-beo\/index.php\/wp-json\/wp\/v2\/users\/1"}],"replies":[{"embeddable":true,"href":"https:\/\/culmsee.com\/scout-beo\/index.php\/wp-json\/wp\/v2\/comments?post=1434"}],"version-history":[{"count":0,"href":"https:\/\/culmsee.com\/scout-beo\/index.php\/wp-json\/wp\/v2\/pages\/1434\/revisions"}],"wp:attachment":[{"href":"https:\/\/culmsee.com\/scout-beo\/index.php\/wp-json\/wp\/v2\/media?parent=1434"}],"curies":[{"name":"wp","href":"https:\/\/api.w.org\/{rel}","templated":true}]}}